1 - 1 - 3 - -20. Suppose -3*m - 5 = -p. Let v(s) = 5*s**2 - 2*s + 5. Is v(m) a prime number?
False
Suppose a = 2*k + 45, 2*k = -3*a + 11 + 156. Is a a composite number?
False
Is 6/39 - (-3339)/13 a composite number?
False
Let f(b) = 3*b**2 - 2*b + 1. Let n be f(1). Let x be -236 + (-4)/2 + n. Is (x/(-4))/((-1)/(-1)) composite?
False
Is (-338)/(-4)*(-6)/(-3) a composite number?
True
Let t = -5 + 3. Let w be (10/15)/(t/(-24)). Is (-53)/(-4) - 2/w composite?
False
Suppose 3*q + 3*r + 2*r = 25498, -4*q + 4*r = -34008. Is q a composite number?
False
Suppose 1 = 2*p - 3*p. Let x(z) = -33*z + 2. Is x(p) prime?
False
Suppose 2*q - 1913 - 5 = 0. Is q composite?
True
Suppose -6*p + 2*p - 4*r + 608 = 0, -2*p + 283 = -5*r. Is p a composite number?
False
Let q(c) = 69 - c**2 + 61 + 19 + c. Suppose -3*x + 2*x + 3 = o, 3 = 4*x + o. Is q(x) a composite number?
False
Let u = -407 + 885. Is u a prime number?
False
Let m(h) = -h**2 - 6*h + 3. Let v be m(-6). Suppose 12 = 2*s + 2*s. Suppose l + s*l - 128 = -4*k, -30 = -k - v*l. Is k a prime number?
False
Let o = -83 - -130. Is -2 + 2 + (o - 1) composite?
True
Suppose -5*t = 15, -x + t + 842 = -3*t. Suppose 5*h - x = -285. Is h composite?
False
Suppose q - 26 = 243. Suppose -q - 176 = -5*z. Is z a composite number?
False
Let q be (0 - 2)/2 + 4. Suppose 5*x = 10, 4*k + 2*x = q*k + 3. Is 1 + 1 + k - -18 a composite number?
False
Let d = 0 - -2. Suppose -m + 3*w - 140 - 536 = 0, 3*w - 1358 = d*m. Let i = -425 - m. Is i a composite number?
False
Suppose 0 = -2*n - 2 + 10. Suppose -5*d - n*b + 15 = -6*b, -3*d = 5*b - 9. Suppose -d*k - 4*y + 161 = 0, -3*k + 83 = 3*y - 82. Is k composite?
False
Let l be (-10)/6 - 2/(-3). Let i(f) = 5*f**2 + 1. Is i(l) a composite number?
True
Let r be ((-2)/4)/(4/(-24)). Suppose -3*n + 96 = -r*z, 0 = -2*n + 3*z - 5*z + 68. Is n prime?
False
Suppose 5*q - 4*q = 129. Is q prime?
False
Let t(y) = y**2 + 8*y + 7. Let u be t(-7). Suppose u = 5*i - 92 - 13. Is i a prime number?
False
Let i be 806/18 - (-8)/36. Is (67/(-3))/((-15)/i) a prime number?
True
Suppose -4*n = -3*h + 10, -5*h + 4*n + 20 = -n. Suppose -254 = 4*t - h*t. Is t prime?
True
Let j(z) = z**2 - 6*z - 3. Let m be j(5). Let a be 5256/10 + m/(-20). Suppose 2*i + 2*i = 0, i = -2*y + a. Is y composite?
False
Suppose 11 = 3*a - 4*g, -a + 21 = 2*g + g. Suppose 2*z + 2*w - 12 = 0, 0 = 5*z + 3*w - w - 30. Is 34/(1/(a/z)) a composite number?
True
Suppose 0*w - 517 = -2*w - 5*p, -4*w + p + 1089 = 0. Is w a composite number?
False
Let k = 1040 - 663. Is k a composite number?
True
Suppose m + 2*a - 13 = -2*a, -2*a + 29 = 5*m. Let x = -7 + m. Is 1*((51 - x) + 0) a prime number?
True
Suppose 3*z + 2*j - 18 = 0, -8*j + 15 = -3*j. Suppose 5*l - 14 = -z. Suppose 0 = -l*i + 4*f + 131 - 29, 0 = 2*i - 3*f - 105. Is i a prime number?
False
Let t be (-11)/((-3)/(-3))*1. Let s = t + 16. Suppose s*r - 41 = -l - 3*l, -16 = -2*l + 2*r. Is l prime?
False
Let x(r) be the third derivative of r**5/24 - 5*r**4/12 - r**3/2 + 3*r**2. Let a(q) be the first derivative of x(q). Is a(9) composite?
True
Let b(z) = 2*z - 5. Let x be b(4). Let r(i) = 12*i**3 - 3*i**2 + 2*i + 4. Is r(x) a prime number?
True
Suppose -a = 4*k + 9, -3*k = -2*a - 2*k + 9. Is 26*(6 + -3)/a a composite number?
True
Is 1*(-2)/2*-89 prime?
True
Suppose 44*r - 1004 = 40*r. Is r composite?
False
Let q = 5 - 0. Suppose -q*i + i = 0. Suppose i = -5*g + 9 + 26. Is g a prime number?
True
Let m be -6 + 8 + 0/1. Suppose 0 = -3*p - 2*v - 2*v + 22, m*p = -4*v + 16. Is p prime?
False
Let l(j) be the third derivative of 19*j**5/60 + j**4/12 - j**3/6 - 4*j**2. Is l(2) a composite number?
False
Let m = -224 - -321. Is m composite?
False
Suppose -5*o + 8*o = 537. Is o a composite number?
False
Let h be -3*3/(18/(-22)). Let g = 4 + -1. Suppose -j + h = -g. Is j a prime number?
False
Let g(t) = 9*t**2 + 8*t + 32. Is g(13) prime?
True
Let c = -187 + 310. Is c a prime number?
False
Let h = 1445 - 798. Is h a prime number?
True
Let n(s) = -3*s**2 + 6*s - 9. Let t be n(6). Let j = -24 - t. Is j a prime number?
False
Let z be 3 + (-1035 + 2)*1. Is 1/(-3) - z/30 prime?
False
Suppose -7*q + 4388 = -351. Is q a prime number?
True
Suppose 2*t - 618 = t + 5*n, t - 4*n - 619 = 0. Is t a prime number?
False
Suppose -3*y + 9 = v, 0 = 2*y - 4*y + 4*v + 6. Suppose -757 = -y*x - 2*g, 136 = 2*x - 2*g - 362. Is x a prime number?
True
Let z be -2 - (0 - 1) - -483. Suppose 0 = 4*n - 8, 4*f + 8*n = 3*n + 30. Suppose -3*t - j + 295 = -5*j, -f*t - 3*j = -z. Is t a composite number?
False
Let c(a) = -a**3 + 9*a**2 + 7*a - 6. Let u be c(6). Suppose -2*i + 166 + u = 0. Is i prime?
False
Let o(u) = -u**2 + 15. Let w be o(0). Let m = w - -11. Suppose 0*t = 2*t + x - 18, x = 2*t - m. Is t prime?
True
Let q = 34 - -21. Is q prime?
False
Suppose 4*h + 347 = 5*b, 3*h - 290 = -4*b - 0*h. Is b composite?
False
Suppose 0 = c + 2. Let y = 4 + c. Suppose y*o - 9 = 3. Is o composite?
True
Suppose -4*w + 86 = 2*q, 5*q - 4*w - 275 = -2*w. Is q a composite number?
False
Let z(q) be the first derivative of q**4/4 + 4*q**3/3 - 2*q**2 + 6*q + 5. Is z(5) prime?
True
Suppose 2*f = 4 + 2. Suppose -2*u + 0*u + 5*b = -497, -f*u - 3*b + 756 = 0. Is u prime?
True
Let b(s) = 60*s**2 + 5*s + 5. Let j be 15/6*24/(-30). Is b(j) a prime number?
False
Let k be (-4)/(-14) + 94/14. Let m(g) = -2*g**3 + 21*g**2 + g + 27. Let d(i) = -i**3 + 11*i**2 + i + 14. Let c(a) = 7*d(a) - 4*m(a). Is c(k) prime?
True
Let u(d) = d**3 - 4*d**2 - 7*d. Let w be u(5). Let v be 14/(-5) + 2/w. Is (-1)/(v - -2) + 54 a prime number?
False
Is (-8)/2*(-665)/28 composite?
True
Let f(x) = x**2 + x + 1. Let t be f(-2). Suppose 2*m = 4*m - 3*z + 167, 0 = -3*z + t. Is -1*m*(-21)/(-6) composite?
True
Let a = 3 - -7. Let x(v) = -v**3 + 9*v**2 + 10*v + 3. Let y be x(a). Suppose -335 = -y*w - 2*w. Is w prime?
True
Let t(d) be the third derivative of d**5/60 - d**4/24 + 37*d**3/3 + 2*d**2. Is t(0) composite?
True
Let g(y) = 27*y**2 - 11*y + 1. Is g(6) composite?
False
Let m(u) = u**2 - 5*u - 7. Suppose 3*c + 34 = k, c = -4*c - 3*k - 38. Is m(c) a prime number?
False
Suppose 0 = 4*u + 316 - 2280. Is u composite?
False
Suppose -3*o = -4*j - j - 64, 5*j + o + 52 = 0. Let d(x) = -x + 4 + 4 + 0. Is d(j) prime?
True
Let g(m) = m**3 - 32*m**2 - 68*m + 66. Is g(35) a prime number?
True
Suppose 2*w + 5*i - 506 = 4973, -3*w + 8253 = -4*i. Is w a prime number?
False
Let b = 2232 - 1591. Is b a composite number?
False
Suppose 0 = 2*z - 3*z + 3. Suppose b = -z*b + 188. Is b prime?
True
Let l(y) = 6*y**2 + 6*y + 13. Let w(n) = 3*n**2 + 3*n + 7. Let k(g) = 6*l(g) - 11*w(g). Is k(3) a prime number?
True
Let a(f) = -368*f - 7. Is a(-4) a prime number?
False
Let r = 2 - 2. Suppose r = 5*q - q. Suppose 2*u + 1 = 5*j - 2*j, q = -5*u - 4*j + 55. Is u a prime number?
True
Let g = 657 - 362. Is g a composite number?
True
Let z(h) = 28*h**2. Let d be z(-1). Suppose d = 3*s - s. Suppose 0 = -f + 3*j + 80, 5*j + s = 5*f - 396. Is f a composite number?
False
Is 2/2*8394/(-30)*-5 a composite number?
False
Is (254/(-4 + 2))/(-1) prime?
True
Let k(b) = -b - 10. Let q be k(-7). Let c(l) = -5*l**3 + l**2 + 4*l - 1. Is c(q) prime?
True
Suppose 4*h = 8*h - 20. Let o be -1 + h + 0/3. Suppose -3*n + 6 = 0, -k = 4*n - o - 35. Is k a prime number?
True
Let l = -8 + 13. Suppose 4*m + 7 = -3*j, -l*j + 19 = -3*m - 10*j. Suppose 508 = 2*y + m*y. Is y prime?
True
Is (8 + -7)*(-1 - -186) a composite number?
True
Let w be 6/(-1)*-1 - 1. Suppose 26 = w*f - 3*c, -11 = -2*f + 5*c + 7. Suppose 4*b - 824 = 4*v, f*v = -b - 0*b + 231. Is b a composite number?
False
Let n = -476 + 748. Suppose -3*r - 6*t + 2*t + 185 = 0, -4*r + t + n = 0. Is r a composite number?
False
Let i(y) = 8*y - 7. Is i(13) composite?
False
Let u be (4/3)/(2/(-9)). Is u/(-10) + (-7660)/(-25) composite?
False
Let u = 315 - 186. Is u composite?
True
Suppose -2*x + 7*x - 6905 = 0. Is x a prime number?
True
Is (2361*10/(-15))/(-2) composite?
False
Suppose 4*g - 68 = -3*x + 5*x, -4*x - 146 = 2*g. Let f = 2 - -3. Is 5/(f/3) - x prime?
False
Let m = -430 + 1003. Is m a composite number?
True
Suppose 2*t + 15 = 5*t. Suppose 170 = 2*y - 4*v, 0 = -2*y - 0*y + t*v + 171. Is y a composite number?
False
Let v(q) be the second derivative of q**5/20 + 5*q**4/6 - q**3/2 + 3*q**2/2 + 6*q. Is 